{"id":13970,"date":"2025-10-04T16:00:29","date_gmt":"2025-10-04T14:00:29","guid":{"rendered":"https:\/\/wordpress-1074717-5197419.cloudwaysapps.com\/?post_type=eventi&#038;p=13970"},"modified":"2026-04-30T15:24:37","modified_gmt":"2026-04-30T13:24:37","slug":"sardus-time","status":"publish","type":"eventi","link":"https:\/\/visitsantantioco.info\/en\/eventi\/cultura-intrattenimento\/folklore\/sardus-time\/","title":{"rendered":"Sardus Time"},"content":{"rendered":"<h2 dir=\"auto\">Sardus Time<\/h2>\n<div dir=\"auto\">Con l\u2019arrivo dell\u2019autunno ripartono con energia le iniziative culturali al <strong><em>Circolo ARCI Il Calderone<\/em><\/strong>, e tra queste torna, pi\u00f9 coinvolgente che mai,\u00a0<em><strong>Sardus Time<\/strong><\/em>!<\/div>\n<blockquote>\n<div dir=\"auto\"><strong>Tutti i Gioved\u00ec<\/strong><\/div>\n<div dir=\"auto\"><strong>Ore 17:30<\/strong><\/div>\n<div dir=\"auto\"><strong>Via Montegrappa 2\/A<\/strong><\/div>\n<\/blockquote>\n<div dir=\"auto\">\n<p class=\"my-2 [&amp;+p]:mt-4 [&amp;_strong:has(+br)]:inline-block [&amp;_strong:has(+br)]:pb-2\">Un appuntamento fisso dedicato alle radici e alle tradizioni della Sardegna. Un vero e proprio viaggio settimanale tra balli popolari, folklore autentico, antichi racconti e momenti di cultura condivisa, da vivere insieme in un\u2019atmosfera calda e accogliente.<\/p>\n<p class=\"my-2 [&amp;+p]:mt-4 [&amp;_strong:has(+br)]:inline-block [&amp;_strong:has(+br)]:pb-2\"><strong><em>Sardus Time<\/em><\/strong> \u00e8 aperto a tutti: chiunque abbia voglia di scoprire, divertirsi e stare in compagnia \u00e8 il benvenuto. Vi chiediamo solo di portare con voi curiosit\u00e0, voglia di imparare e il piacere di condividere storie e sorrisi nel segno di una Sardegna viva e vibrante.<\/p>\n<p class=\"my-2 [&amp;+p]:mt-4 [&amp;_strong:has(+br)]:inline-block [&amp;_strong:has(+br)]:pb-2\"><strong>Non perdete l\u2019occasione di vivere un\u2019esperienza culturale partecipata e unica nel suo genere: un momento di incontro e crescita che celebra i colori, i suoni e le tradizioni della nostra terra.<\/strong><\/p>\n<\/div>\n","protected":false},"featured_media":13972,"template":"","meta":{"site-sidebar-layout":"default","site-content-layout":"","ast-site-content-layout":"default","site-content-style":"default","site-sidebar-style":"default","ast-global-header-display":"","ast-banner-title-visibility":"","ast-main-header-display":"","ast-hfb-above-header-display":"","ast-hfb-below-header-display":"","ast-hfb-mobile-header-display":"","site-post-title":"","ast-breadcrumbs-content":"","ast-featured-img":"","footer-sml-layout":"","theme-transparent-header-meta":"default","adv-header-id-meta":"","stick-header-meta":"","header-above-stick-meta":"","header-main-stick-meta":"","header-below-stick-meta":"","astra-migrate-meta-layouts":"set","ast-page-background-enabled":"default","ast-page-background-meta":{"desktop":{"background-color":"var(--ast-global-color-5)","background-image":"","background-repeat":"repeat","background-position":"center center","background-size":"auto","background-attachment":"scroll","background-type":"","background-media":"","overlay-type":"","overlay-color":"","overlay-opacity":"","overlay-gradient":""},"tablet":{"background-color":"","background-image":"","background-repeat":"repeat","background-position":"center center","background-size":"auto","background-attachment":"scroll","background-type":"","background-media":"","overlay-type":"","overlay-color":"","overlay-opacity":"","overlay-gradient":""},"mobile":{"background-color":"","background-image":"","background-repeat":"repeat","background-position":"center center","background-size":"auto","background-attachment":"scroll","background-type":"","background-media":"","overlay-type":"","overlay-color":"","overlay-opacity":"","overlay-gradient":""}},"ast-content-background-meta":{"desktop":{"background-color":"var(--ast-global-color-4)","background-image":"","background-repeat":"repeat","background-position":"center center","background-size":"auto","background-attachment":"scroll","background-type":"","background-media":"","overlay-type":"","overlay-color":"","overlay-opacity":"","overlay-gradient":""},"tablet":{"background-color":"var(--ast-global-color-4)","background-image":"","background-repeat":"repeat","background-position":"center center","background-size":"auto","background-attachment":"scroll","background-type":"","background-media":"","overlay-type":"","overlay-color":"","overlay-opacity":"","overlay-gradient":""},"mobile":{"background-color":"var(--ast-global-color-4)","background-image":"","background-repeat":"repeat","background-position":"center center","background-size":"auto","background-attachment":"scroll","background-type":"","background-media":"","overlay-type":"","overlay-color":"","overlay-opacity":"","overlay-gradient":""}}},"eventi-categories":[221,224,225],"class_list":["post-13970","eventi","type-eventi","status-publish","has-post-thumbnail","hentry","eventi-categories-folklore","eventi-categories-per-famiglie","eventi-categories-gratuito"],"_links":{"self":[{"href":"https:\/\/visitsantantioco.info\/en\/wp-json\/wp\/v2\/eventi\/13970","targetHints":{"allow":["GET"]}}],"collection":[{"href":"https:\/\/visitsantantioco.info\/en\/wp-json\/wp\/v2\/eventi"}],"about":[{"href":"https:\/\/visitsantantioco.info\/en\/wp-json\/wp\/v2\/types\/eventi"}],"wp:featuredmedia":[{"embeddable":true,"href":"https:\/\/visitsantantioco.info\/en\/wp-json\/wp\/v2\/media\/13972"}],"wp:attachment":[{"href":"https:\/\/visitsantantioco.info\/en\/wp-json\/wp\/v2\/media?parent=13970"}],"wp:term":[{"taxonomy":"eventi-categories","embeddable":true,"href":"https:\/\/visitsantantioco.info\/en\/wp-json\/wp\/v2\/eventi-categories?post=13970"}],"curies":[{"name":"wp","href":"https:\/\/api.w.org\/{rel}","templated":true}]}}

<h2 dir="auto">Sardus Time</h2>
<div dir="auto">Con l’arrivo dell’autunno ripartono con energia le iniziative culturali al <strong><em>Circolo ARCI Il Calderone</em></strong>, e tra queste torna, più coinvolgente che mai, <em><strong>Sardus Time</strong></em>!</div>
<blockquote>
<div dir="auto"><strong>Tutti i Giovedì</strong></div>
<div dir="auto"><strong>Ore 17:30</strong></div>
<div dir="auto"><strong>Via Montegrappa 2/A</strong></div>
</blockquote>
<div dir="auto">
<p class="my-2 [&amp;+p]:mt-4 [&amp;_strong:has(+br)]:inline-block [&amp;_strong:has(+br)]:pb-2">Un appuntamento fisso dedicato alle radici e alle tradizioni della Sardegna. Un vero e proprio viaggio settimanale tra balli popolari, folklore autentico, antichi racconti e momenti di cultura condivisa, da vivere insieme in un’atmosfera calda e accogliente.</p>
<p class="my-2 [&amp;+p]:mt-4 [&amp;_strong:has(+br)]:inline-block [&amp;_strong:has(+br)]:pb-2"><strong><em>Sardus Time</em></strong> è aperto a tutti: chiunque abbia voglia di scoprire, divertirsi e stare in compagnia è il benvenuto. Vi chiediamo solo di portare con voi curiosità, voglia di imparare e il piacere di condividere storie e sorrisi nel segno di una Sardegna viva e vibrante.</p>
<p class="my-2 [&amp;+p]:mt-4 [&amp;_strong:has(+br)]:inline-block [&amp;_strong:has(+br)]:pb-2"><strong>Non perdete l’occasione di vivere un’esperienza culturale partecipata e unica nel suo genere: un momento di incontro e crescita che celebra i colori, i suoni e le tradizioni della nostra terra.</strong></p>
</div>
